a - 5. List the prime factors of t.
2, 3
Let f(a) = -14*a - 19. Let k be f(9). Let m = -37 - k. What are the prime factors of m?
2, 3
Suppose 4*h + 0*h + 2*b + 74 = 0, 0 = 3*h - 2*b + 52. Let a be h/(((-2)/(-3))/(-2)). Suppose -4*g + 150 = a. What are the prime factors of g?
2, 3
Let z(s) be the first derivative of s**3/3 - 13*s**2/2 + 15*s - 1. Let g be z(12). Let c(l) = 5*l - 1. What are the prime factors of c(g)?
2, 7
Suppose -31140 = -1476*f + 1464*f. List the prime factors of f.
3, 5, 173
Let g = 35 - 23. What are the prime factors of ((-63)/g)/(12/(-32))?
2, 7
List the prime factors of 4 - (-1)/((-5)/5060*-4).
257
Let l(u) = -6*u + 45. Let i be l(7). Suppose -3*h - 3 = -3*k, 0 = 2*k + 2*k - 16. Suppose -64 = -i*r - j + h*j, -5*j + 10 = r. List the prime factors of r.
2, 5
Suppose -5*k - 3*o + 37 = 0, 3*o + 0*o + 19 = 2*k. Suppose k*v - 3*v + a = -1410, 0 = -5*a. List the prime factors of (v/4)/(6/(-4)).
47
Let o(w) = 12*w**2 - 2*w - 2. Let m be o(-1). What are the prime factors of 3/9 - 148*(-8)/m?
3, 11
Let i = -46 + 49. Suppose 4*n - 3*p = 314 + 71, 291 = i*n - 3*p. What are the prime factors of n?
2, 47
What are the prime factors of (-10953)/(-27) + -5 + 2/6?
401
Suppose 4 = 2*q + 2, -2*t - q + 23 = 0. Let r(o) = 7*o - 22. List the prime factors of r(t).
5, 11
Suppose 4*t - 63 = t. Let x be (-1)/3 - (-175)/t. Suppose 4*f + 0*f - x = 0. What are the prime factors of f?
2
Let y(v) = v**3 - 11*v**2 - 19*v + 4. Let d = 3 - -10. Let q be y(d). Suppose 24 + 100 = 4*p - 4*i, -3*p + q = -2*i. List the prime factors of p.
3, 11
Let m(t) = -t**3 - 8*t**2 - 6*t. Let z be m(-4). Let l = z - -20. List the prime factors of -2 - l/5*17.
2, 3, 11
Let g(v) = 16*v + 32. Let u(a) = 1. Suppose 46 = 5*n + 206. Let w(f) = n*u(f) + g(f). List the prime factors of w(1).
2
Let w(z) = -9*z**2 + 3*z**2 + 4*z**2 + 206. List the prime factors of w(0).
2, 103
Let a = 80 + -139. Let z = 10 - a. What are the prime factors of z?
3, 23
Let y = -2590 - -6041. What are the prime factors of y?
7, 17, 29
Suppose -12*z - 36 = -15*z. Suppose -3*h = -4*d - 6 - 21, 3*h = -d + z. Suppose 4*l = 5*k + 229, -6*k = -h*k + 1. List the prime factors of l.
2, 7
Suppose -2*m + 5*u - 4 = 10, -3*u = -5*m + 3. What are the prime factors of 1/m + 2504/12?
11, 19
Let g be (-153)/45*10/(-2). Let m = g - 5. Suppose v = h + m, 4*v + h = -v + 54. List the prime factors of v.
11
What are the prime factors of ((-15)/(-18) - 4/12)*688?
2, 43
Let s = -81 + 0. Let v = -164 - s. Let p = -59 - v. What are the prime factors of p?
2, 3
Suppose s - 3 = -0, 4*s = -d - 6. What are the prime factors of (-72)/d + 168 + -2?
2, 5, 17
Let o(d) = -65*d - 15. Let i(a) = -13*a - 3. Let g(u) = 11*i(u) - 2*o(u). Let h be g(-3). Suppose -5*c - 15 = -0*c, h = f - 4*c. List the prime factors of f.
2, 3
Suppose -5*b = 3*n - 14541, 2*b + 562 - 6388 = 2*n. List the prime factors of b.
2, 3, 5, 97
Let s be (-3531)/27 - (-4)/(-18). Let r = -58 - s. List the prime factors of r.
73
What are the prime factors of (-74 + -1699)*(1 + -2)?
3, 197
Let s = 237 + -336. What are the prime factors of (9/3 - s) + -3?
3, 11
Let g(m) = 4*m**2 + m + 13. Let c be g(-6). Let u = 259 - c. What are the prime factors of u/8 - 6/(-4)?
3, 5
Let m be 3/((-7)/((-1722)/9)). Suppose s = -4*g + 135, 2*g - 13 = 5*s + m. List the prime factors of g.
5, 7
Let v be (-650)/(-8) - (-2)/(-8). Let q = v + 212. What are the prime factors of q?
293
Let i = -123 - -212. Suppose 2*h = -q + 19, -3*q = -3*h + h - i. List the prime factors of q.
3
Let y = 637 + -240. What are the prime factors of y?
397
Let n be (-18)/(-27)*12*1. List the prime factors of (20/n + -2)*250.
5
Let n(m) = -2*m - 24. Let o be n(6). Let j = o + 88. What are the prime factors of j?
2, 13
Suppose -j = -0 + 6. Let r be (-9)/j*-2 + -2. Let u(g) = -8*g. List the prime factors of u(r).
2, 5
Let x be (1 + (-4)/5)*15. Let j be 2/x + 65/(-3). List the prime factors of (-119)/(-4) + j/28.
29
Let p(x) = x**2 + 7*x - 157. What are the prime factors of p(31)?
1021
Suppose -914*z + 776 = -906*z. List the prime factors of z.
97
Suppose -2*q + 2*t + 6804 = 0, 0 = 2*q - 4*q - t + 6804. What are the prime factors of q?
2, 3, 7
Let c be (-20)/5 + (0 - -6). Suppose 0 = -2*b + 2 + 2. Suppose 2*g + b*k = 20, 3*g + c*k - 31 = 1. What are the prime factors of g?
2, 3
Suppose -4*o + 662 = -4*r + 8878, r + 3*o - 2046 = 0. What are the prime factors of r?
2, 3, 19
Let l = 5064 + -2541. List the prime factors of l.
3, 29
Let q be 1*1/(-2)*18/(-1). List the prime factors of 0/q - (-2 + 0/2).
2
Let u be 0 + 1 + -3 + 4. Suppose -2*h = -3*h + u. List the prime factors of 3/(-6)*(h + -40).
19
Suppose 5*q - 403 = 2*h, 0*h - 5*h = -5*q + 400. Let p = q - -21. What are the prime factors of p?
2, 3, 17
Let m be (-12)/(-5)*(-60)/(-18). Let t be (m/2)/2 - -1. Let p(z) = 3*z**2 - 1. What are the prime factors of p(t)?
2, 13
Suppose 4*t - 6*t + 32 = 0. Let h be 0/t - 5*-6. Suppose -5*j + p + 0*p = -h, 4*j + 2*p = 38. What are the prime factors of j?
7
Suppose 2*t - 8*t = -900. Let p = t + -78. What are the prime factors of p?
2, 3
Let v(m) = -3*m + 2. Let z(q) = -q**3 - 2*q**2 + 4*q + 4. Let i be z(-3). Let k be v(i). What are the prime factors of (16*(-4 + 2))/k?
2
Let t(v) = v + 16. Let s be t(-12). Suppose s*b + 1110 = 9*b. List the prime factors of b.
2, 3, 37
Suppose -1 = 4*r - 5. Suppose 5*d + 16 = 2*o, -4*o - r + 9 = 2*d. What are the prime factors of o?
3
Let v(m) = m**3 - 9*m**2 - 8*m + 1. Let k be (-6*10/21)/(22/(-77)). List the prime factors of v(k).
3, 7
Suppose -4*a = 3*l + 3 + 17, 0 = 5*l + 3*a + 48. What are the prime factors of (9/6)/(l/(-592))?
2, 37
Let q be (-7)/14 + 55/2. Suppose 6*b + q = 183. What are the prime factors of b?
2, 13
Suppose -26*l + 4*i = -22*l - 32, -3*i - 4 = l. What are the prime factors of l?
5
Let i(n) = 8*n - 36. Let j be i(5). Suppose -j*k + 816 = 4*k. List the prime factors of k.
2, 3, 17
Let z be 4*(1 - 4/16). Let m(b) = -12*b - b**2 - 2 + z + 0*b**2 + 4. List the prime factors of m(-10).
5
Suppose 0 = 4*d - 5*r - 303, -4*r - 291 = -4*d + 9. Let o(i) = 27*i - 294. Let l be o(11). Suppose l*c = c + d. List the prime factors of c.
2, 3
Let c(t) = 5*t**2 - 5*t + 17. Let j(d) = -d**2 - 12*d - 25. Let o be j(-8). What are the prime factors of c(o)?
227
Let m(q) = -12*q + 7*q**2 + 13*q + 1 + 11*q**2. List the prime factors of m(-1).
2, 3
Suppose 238*x - 243*x - 4*r = -6689, 4*r - 5352 = -4*x. List the prime factors of x.
7, 191
Suppose 21 = 8*c - 5*c. Let i be ((-2)/(-3))/(c/21). Suppose -6 - 4 = -y + i*v, 2*v = 4*y - 28. What are the prime factors of y?
2, 3
Let b = 325 + -208. Let z = 188 - b. What are the prime factors of z?
71
Let y be 35/(2*(-3)/(-6)). Suppose 0 = 3*q - 8*q + y. List the prime factors of q.
7
Let o(x) be the second derivative of x**3/3 + 6*x**2 + 14*x. List the prime factors of o(14).
2, 5
Let g be 1*(-1)/(-2)*0. Let m = -271 - -385. Suppose g = -5*v - 34 + m. List the prime factors of v.
2
Suppose 2*y - 5*y = -6. Suppose -2*w = 0, -7*t = -y*t + 3*w - 15. Suppose t*r = -5*r + 88. List the prime factors of r.
11
Let h = 19 - -39. Suppose 0 = y - 2*x - h, 3*y = 2*x - 77 + 259. What are the prime factors of y?
2, 31
Let k(d) = 3*d**2 - 9*d + 15. Let h be k(3). Suppose 305 = h*f - 580. List the prime factors of f.
59
Let b(o) = o - 6. Suppose 0*c = c - 5*h + 1, 0 = 3*c + h - 29. Let i be b(c). List the prime factors of i/(-1)*1 - -5.
2
Suppose v + 4*f = 34 - 5, 0 = -2*f - 10. What are the prime factors of v?
7
Let c be (-298)/(-14) - 12/42. List the prime factors of (-1355)/(-35) + 6/c.
3, 13
Suppose 0 = -17*n - 20*n + 47101. What are the prime factors of n?
19, 67
Suppose -2*w = 4*l - 3090, 4*w - 775 = -l + w. What are the prime factors of l?
2, 193
Suppose 5*z - 624 = -419. What are the prime factors of z?
41
What are the prime factors of 1*(-25084*3/(-12) + 6)?
6277
Suppose -42*y = 18*y - 59580. What are the prime factors of y?
3, 331
Let k be -1*(-3)/(-1 + -2)*-67. Let x = 203 - k. What are the prime factors of x?
2, 17
Suppose 96*j - 2609 = 95*j - 4*p, -3*j = -5*p - 7844. List the prime factors of j.
3, 13, 67
Let z(t) = 22 + t**3 + 5*t - 6*t**2 + 4 - 3*t - 14. What are the prime factors of z(8)?
2, 3, 13
Let t(s) = -4*s**3 - 2*s**2 - 5*s + 6. Let a(w) = 5*w**3 